t o(r) = 7*r - 1. Give o(p).
6
Let t(f) be the first derivative of -f**2/2 - 10*f - 5. Determine t(-9).
-1
Let o(b) = 19*b + 3. Let z(f) = -9*f - 2. Let d(p) = 3*o(p) + 5*z(p). Give d(1).
11
Let x = -3 + 9. Suppose -x*y = -5*y - 6. Let s(r) = -r**3 + 7*r**2 - 6*r - 4. Determine s(y).
-4
Let o(g) be the first derivative of 1/4*g**4 - 4/3*g**3 - 6*g - 5 - 5/2*g**2. Suppose -5*p - 8 + 33 = 0. Calculate o(p).
-6
Let v be 2/4 - (-9)/(-6). Suppose 23 = m + 4*o, o - 6 = -1. Let s(j) = 1 + 4 + j - 4 + j - 4*j**m. Give s(v).
3
Suppose 0 = c - 1, -5*z - 3*c + 2 = -1. Let k(u) = -3*u**3 + u - 4. Let s(m) = m**3 - m. Let p(x) = k(x) + 2*s(x). What is p(z)?
-4
Let z be (-105)/28 - (-2)/16*-2. Let t(p) = p**3 + 3*p**2 - 4*p. Give t(z).
0
Suppose 3 - 9 = -3*j. Let b be 2/6*(j + -5). Let r(k) = 9*k**2 - 2*k - 1. What is r(b)?
10
Let d(v) = v + 12. Let u(p) = -p - 12. Let t(y) = 4*d(y) + 3*u(y). Let m = -3 - 2. What is t(m)?
7
Let j(r) = 337 - 334 - 4*r + 0*r + 3*r. Suppose 3*x = 6 + 9. What is j(x)?
-2
Let t(u) = u + 5. Let g(q) = 4*q**3 - q - 1. Let w be g(-1). Calculate t(w).
1
Suppose m + 30 = -z + 6*m, -15 = -3*m. Let g(u) = -u**3 + u**2 + u - 1. Let s(i) = -3*i**3 + 3*i**2 + 2*i - 3. Let q(c) = z*g(c) + 2*s(c). Determine q(-1).
2
Suppose 10 = 4*k - 6. Suppose -h - k*h = 20. Let y(c) = 0*c - 10*c + 6*c - 6 + c. What is y(h)?
6
Let m(n) = -n**2 + 6*n - 6. Let s(l) = l + 7. Let q be s(-7). Suppose q = d - 4 - 1. Determine m(d).
-1
Let i(f) be the first derivative of f**2 + 6*f - 6. Calculate i(-4).
-2
Suppose 0 = -v + 4*v - 6. Let x(c) = -c - 3. Let a(g) = 9*g + 25. Let t(h) = 6*a(h) + 51*x(h). Determine t(v).
3
Let q(m) = 7*m**2 - 17*m**2 + 9*m**2 + 5*m + 2. What is q(4)?
6
Let y = 1 + 1. Let g(a) = a**3 + a**2 + 4*a - y*a**2 - 4*a - 5. Let h(m) = -m + 5. Let b be h(5). Give g(b).
-5
Let f = 10 + -7. Let c(b) = -b**2 - b**f + 5*b**2 - 3*b**2 + 2. Let a be (3 - 1 - 2)/2. Determine c(a).
2
Let d(m) be the second derivative of -m**3/6 - m. Let a = 61 - 61. Give d(a).
0
Let u(r) = -r - 3. Suppose -o = 13 - 19. What is u(o)?
-9
Let x(n) = 3*n. Let y(o) = -2*o. Let l(s) = 6*x(s) + 11*y(s). What is l(-2)?
8
Suppose 4*j + 0*i + 8 = -4*i, -5*j - 2*i = -2. Suppose -y + 19 = 3*b, -5*y + 5 = -j*b - 5. Let t(p) = -p**2 + 6*p - 6. Determine t(y).
2
Let k(v) be the third derivative of v**6/120 - 3*v**5/20 + 7*v**4/24 + 5*v**3/3 + 4*v**2. Determine k(8).
2
Let s be (-4)/14 - 27/(-21). Let u be -2 + (0 - s) - -1. Let q be 2*((-1)/2 + u). Let r(j) = -j**3 - 6*j**2 - 3*j - 1. Determine r(q).
-11
Let s(w) = 4*w + 5. Let f(c) = 11*c + 15. Let v(m) = 6*f(m) - 17*s(m). Calculate v(5).
-5
Suppose 5*g - 4 = -3*x + g, -10 = -5*x - 5*g. Suppose 0*j + 4*j - x = 0. Let m be j/2 - 6/12. Let w(q) = q + 4. Give w(m).
4
Suppose 8 = 5*j + a, j - 6 = -2*j - a. Let k(w) = -3 + 2 + j - w. Give k(-5).
5
Let s(b) = -5*b**2 - 13*b + 2. Let x(q) = 3*q**2 + 6*q - 1. Let t(a) = -4*s(a) - 9*x(a). Let y be (-6)/(-4)*(-12)/(-18). Calculate t(y).
-8
Let n(h) = h**3 + 4*h**2 - h - 1. Suppose -14 = 5*f - 2*x, -f - f - x = 2. Let l = f + -2. Calculate n(l).
3
Let r(u) = -4*u**2 + 1. Let l be (-2)/(-8) + (-5)/20. Suppose -2*a - 9 = t - 0*a, l = 5*t + 3*a + 17. What is r(t)?
-3
Let v(c) be the second derivative of c**4/12 - c**3/3 + 2*c**2 + c. Let w(b) = -b**2 + 7*b + 11. Suppose -5*k = 0, n = 6*n + 4*k - 40. Let a be w(n). Give v(a).
7
Let c(s) = -s. Let q(r) = r**3 + 6*r**2 + 4*r - 1. Let a be q(-5). Suppose a*k - 3*k + 6 = 0. Let p(d) = 5*d + 1. Let v(j) = k*c(j) - p(j). Give v(1).
0
Suppose 16 = -4*v + 4. Let k(y) be the first derivative of y**3/3 + y**2/2 + 1. Give k(v).
6
Let z(a) = -3*a + a**2 + 32 - 29 - 3*a. Calculate z(6).
3
Let y be (15/3 - 1) + -4. Let s(o) be the second derivative of -o**2 + y + 4*o + 1/2*o**3 - 1/12*o**4. What is s(3)?
-2
Let f(r) = r**2 - 3*r - 2. Suppose 4*k + 25 = -19. Let z = k - -9. Give f(z).
8
Let z(d) = d**2 - 7*d. Suppose 3*x + 4*y = 116, 0*y = x + 5*y - 35. Let s be x/7 + 2/7. What is z(s)?
-6
Let u(h) = h**3 - 5*h**2 - 5*h. Let n be u(6). Let y(s) = 0 + 1 - 3*s + n*s + 0*s. Give y(3).
10
Let h(m) = -6*m + 1. Let b be h(-5). Suppose 2*x = 5*t - b, 2 = t + 4*x - 13. Let l(n) = -t*n + 3*n + 5 + 3*n**2 - n**3 - 3. What is l(3)?
-10
Let m(k) be the first derivative of 1/6*k**3 + 1/24*k**4 + 0*k - 2 - 1/2*k**2. Let l(x) be the second derivative of m(x). Determine l(-4).
-3
Suppose -2 = -4*g - 10. Let l(m) = 3*m**2 + 2*m - 1. Let v(t) = 10*t**2 + 7*t - 3. Let i(f) = -7*l(f) + 2*v(f). Calculate i(g).
-3
Let s = -8 + 13. Suppose 5*v = 4*c + 4*v - 4, -s*c - v + 14 = 0. Let p(a) = -a**3 + 2*a**2 + 2*a - 3. Give p(c).
1
Let o(v) = v + 1. Let p be o(2). Let q(f) = 2*f**2 - 4*f - 1. What is q(p)?
5
Let m be 1 - (-1 + 0)/(-1). Let y(t) be the second derivative of t + 0*t**4 - 1/6*t**3 + 2*t**2 + 0 - 1/20*t**5. Give y(m).
4
Let b(f) = f**2 + 9*f + 7. Let v(h) = h**2 - 7*h - 7. Let n be v(7). Give b(n).
-7
Let y be 2/7 + 2/(-7). Let l(s) = -79 - s**2 - 65 - s + 0*s**2 + 135 + 2*s. What is l(y)?
-9
Let t(o) = -3*o + 12*o**2 + 5*o - 3*o**2 - 10*o**2. Suppose -y + 3 = -2. Let x(q) = -q + 7. Let u be x(y). Calculate t(u).
0
Let s(w) be the second derivative of 5*w**3/6 - w**2/2 + 4*w. Give s(-1).
-6
Suppose 0 = 2*n + 3*n + 10. Let s(z) be the third derivative of -1/60*z**5 + z**2 - 1/24*z**4 - 1/3*z**3 + 0*z + 0. Give s(n).
-4
Suppose x = 2*u - x - 14, 0 = 4*u + 2*x - 10. Let o(j) = -3*j**2 - 5*j - 1. Let v(n) = 2*n**2 + 5*n. Let i(h) = -3*o(h) - 4*v(h). What is i(u)?
-1
Let u(w) = w + 5. Let i be u(-3). Let f(l) be the second derivative of 0 + 0*l**2 + 2/3*l**3 - 2*l. Calculate f(i).
8
Let m(r) = -9*r**2 - 2*r - 1. Let s(l) = 10*l**2 + 2*l + 2. Let o(a) = 3*m(a) + 2*s(a). Let n be (-1 + 3)/(4/2). Let g be (-3 - -4) + (n - 1). Give o(g).
-8
Let r(t) = -t + 3. Let v = 21 + -16. What is r(v)?
-2
Let w(k) = 4 - 8*k - 7 + 4. Calculate w(-2).
17
Let j(v) = -v - 8. Let s be j(-6). Let g(t) = -3 + 3*t + 4 + 0. Calculate g(s).
-5
Let v(k) = 5*k**3 - 8*k**3 + 6 - 5*k + 4*k**3 - 3*k**2. Suppose a = 19 - 15. What is v(a)?
2
Suppose 0*p = 3*p + 3. Let z(o) = -8*o**3 - 2*o**2 + 1. What is z(p)?
7
Let d(n) = -n**2 - 7*n + 2. Let g be d(-5). Let q be (g/10)/((-6)/20). Let t(u) be the second derivative of u**3/3 - u**2/2 + 2*u. Determine t(q).
-9
Let l(f) = f. Suppose -2*w = -4*s - 0 + 4, -20 = 5*s. Let j(b) = b**2 + 9*b - 10. Let x be j(w). What is l(x)?
0
Suppose -4*n = -0*n + 4, 3 = -2*z - n. Let w(r) = 7*r. Give w(z).
-7
Let b(g) = -13*g**2 - 7*g - 1. Let u(h) = -13*h**2 - 6*h - 1. Let x(a) = -5*b(a) + 6*u(a). Suppose -4*s - 5 + 1 = 0. What is x(s)?
-13
Let l(g) = 2*g. Let c be ((-4)/(-6))/(18/27). Let o = 4 - c. Suppose 0 = o*v - t - 10, 2*t + 14 = 3*v. Give l(v).
4
Let a(t) = -t**3 + 8*t**2 + 10*t - 9. Let g(f) = f**3 - f**2 + 3*f + 9. Let h be g(0). What is a(h)?
0
Let x(y) = -y**3 + 12*y**2 - 10*y - 6. Let s be x(11). Suppose 4*a + s*g = -15, -6*a = -a - 2*g + 27. Let q(t) = 2*t - 2*t + 0*t - t. Calculate q(a).
5
Let q(n) = -n**2 - 6*n + 3. Suppose 5*l - 51 = l + 3*t, 0 = 2*l - 4*t - 38. Suppose -l*v - 30 = -4*v. What is q(v)?
3
Suppose -x = 2*s - 11, -s - 4*s = -x - 17. Let b(k) = k**3 - 5*k**2 + 3*k + 4. Give b(s).
0
Let l(s) be the third derivative of -s**6/120 - s**5/60 + 3*s**3/2 + s**2. Suppose -3*i = -3*i + 13*i. Determine l(i).
9
Let i(h) be the first derivative of h**2/2 - 13*h + 6. What is i(0)?
-13
Let c(z) = 6 - 2*z - z + z**2 - z. Suppose 3*j + 4 = -j, -5*f = 4*j + 4. Let r = 4 - f. Give c(r).
6
Let a(h) = h - 10. Let y be a(11). Let j(q) = -q + 8 - 1 - y. Let f be j(4). Let i(u) = u**2 - u - 2. Determine i(f).
0
Suppose 7*z - 2 = 9*z. Let x(s) be the third derivative of -s**6/60 - s**5/60 - s**4/12 - s**3/6 - s**2. What is x(z)?
2
Let k(b) = 2*b - 4. Suppose 0 = 17*o - 5*o + 72. Determine k(o).
-16
Let g be 2 + -4 + 3 + 0. Let m(l) = -5*l + 1. Let v be m(1). Let k(u) = -5*u - 3. Let h(n) = -n**2 + 9*n + 5. Let a(x) = v*h(x) - 7*k(x). Calculate a(g).
4
Let w(r) be the second derivative of r**5/20 + r**4/2 - 5*r**3/3 - 3*r**2 - 12*r. Determine w(-7).
15
Suppose -4*q = -0*q - 20. Let k = 2 - q. Let z(d) = d**2 + 3*d + 3. Let p(b) = 1. Let i(l) = -p(l) - z(l). Calculate i(k).
-4
Let u(w) be the second derivative of -w**4/12 + w**2/2 - 3*w. Suppose t + 3*t = 0. Calculate u(t).
1
